{"id":477,"date":"2021-06-21T13:28:15","date_gmt":"2021-06-21T11:28:15","guid":{"rendered":"https:\/\/khbr.at\/karriere\/?page_id=477"},"modified":"2023-02-21T16:04:43","modified_gmt":"2023-02-21T15:04:43","slug":"anfahrtsplan","status":"publish","type":"page","link":"https:\/\/khbr.at\/karriere\/anfahrtsplan\/","title":{"rendered":"Anfahrtsplan"},"content":{"rendered":"\t\t<div data-elementor-type=\"wp-page\" data-elementor-id=\"477\" class=\"elementor elementor-477\" data-elementor-post-type=\"page\">\n\t\t\t\t\t\t<section class=\"elementor-section elementor-top-section elementor-element elementor-element-21339ce elementor-section-boxed elementor-section-height-default elementor-section-height-default\" data-id=\"21339ce\" data-element_type=\"section\">\n\t\t\t\t\t\t<div class=\"elementor-container elementor-column-gap-default\">\n\t\t\t\t\t<div class=\"elementor-column elementor-col-100 elementor-top-column elementor-element elementor-element-28dce10\" data-id=\"28dce10\" data-element_type=\"column\">\n\t\t\t<div class=\"elementor-widget-wrap elementor-element-populated\">\n\t\t\t\t\t\t<div class=\"elementor-element elementor-element-ca1cdb8 elementor-widget elementor-widget-heading\" data-id=\"ca1cdb8\" data-element_type=\"widget\" data-widget_type=\"heading.default\">\n\t\t\t\t<div class=\"elementor-widget-container\">\n\t\t\t<h1 class=\"elementor-heading-title elementor-size-default\">ANFAHRTSPLAN<\/h1>\t\t<\/div>\n\t\t\t\t<\/div>\n\t\t\t\t<div class=\"elementor-element elementor-element-1978619 elementor-widget elementor-widget-breadcrumbs\" data-id=\"1978619\" data-element_type=\"widget\" data-widget_type=\"breadcrumbs.default\">\n\t\t\t\t<div class=\"elementor-widget-container\">\n\t\t\t<p id=\"breadcrumbs\"><span><span><a href=\"https:\/\/khbr.at\/karriere\/\">Startseite<\/a><\/span><\/span><\/p>\t\t<\/div>\n\t\t\t\t<\/div>\n\t\t\t\t\t<\/div>\n\t\t<\/div>\n\t\t\t\t\t<\/div>\n\t\t<\/section>\n\t\t\t\t<section class=\"elementor-section elementor-top-section elementor-element elementor-element-2163db0 elementor-section-boxed elementor-section-height-default elementor-section-height-default\" data-id=\"2163db0\" data-element_type=\"section\" data-settings=\"{&quot;background_background&quot;:&quot;classic&quot;}\">\n\t\t\t\t\t\t<div class=\"elementor-container elementor-column-gap-default\">\n\t\t\t\t\t<div class=\"elementor-column elementor-col-100 elementor-top-column elementor-element elementor-element-1e74e0a\" data-id=\"1e74e0a\" data-element_type=\"column\">\n\t\t\t<div class=\"elementor-widget-wrap elementor-element-populated\">\n\t\t\t\t\t\t<div class=\"elementor-element elementor-element-fc65bf8 elementor-widget elementor-widget-text-editor\" data-id=\"fc65bf8\" data-element_type=\"widget\" data-widget_type=\"text-editor.default\">\n\t\t\t\t<div class=\"elementor-widget-container\">\n\t\t\t\t\t\t\t<p>Parkhaus Braunau GmbH<br \/>Ringstra\u00dfe 60<br \/>5280 Braunau am Inn\u00a0<\/p><p><strong><br \/>Parktarife:<\/strong><\/p><p>je angefangene halbe Stunde \u20ac 0,70 (von 6-18 Uhr)<br \/>Reduzierter Tarif je angefangene halbe Stunde \u20ac 0,30 (von 18 \u2013 22 Uhr)<br \/>Nachtpauschale \u20ac 1,00 (von 22 \u2013 6 Uhr)<br \/>Parkscheinverlust \u20ac 30,00 (inklusive Bearbeitungsgeb\u00fchr)<\/p><p><strong>\u00d6ffnungszeiten:<\/strong><\/p><p>0 \u2013 24 Uhr ge\u00f6ffnet<\/p><p><strong>\u00dcberblick:<\/strong><\/p><p>217 Stellpl\u00e4tze und 8 E-Ladestationen auf Ebene 1A<\/p>\t\t\t\t\t\t<\/div>\n\t\t\t\t<\/div>\n\t\t\t\t\t<\/div>\n\t\t<\/div>\n\t\t\t\t\t<\/div>\n\t\t<\/section>\n\t\t\t\t<\/div>\n\t\t","protected":false},"excerpt":{"rendered":"<p>ANFAHRTSPLAN Parkhaus Braunau GmbHRingstra\u00dfe 605280 Braunau am Inn\u00a0 Parktarife: je angefangene halbe Stunde \u20ac 0,70 (von 6-18 Uhr)Reduzierter Tarif je angefangene halbe Stunde \u20ac 0,30 (von 18 \u2013 22 Uhr)Nachtpauschale \u20ac 1,00 (von 22 \u2013 6 Uhr)Parkscheinverlust \u20ac 30,00 (inklusive Bearbeitungsgeb\u00fchr) \u00d6ffnungszeiten: 0 \u2013 24 Uhr ge\u00f6ffnet \u00dcberblick: 217 Stellpl\u00e4tze und 8 E-Ladestationen auf Ebene[&#8230;]<\/p>\n","protected":false},"author":1,"featured_media":0,"parent":0,"menu_order":0,"comment_status":"closed","ping_status":"closed","template":"","meta":{"_acf_changed":false,"footnotes":""},"class_list":["post-477","page","type-page","status-publish","hentry"],"acf":[],"yoast_head":"<!-- This site is optimized with the Yoast SEO plugin v23.8 - https:\/\/yoast.com\/wordpress\/plugins\/seo\/ -->\n<title>Anfahrtsplan - Krankenhaus Braunau<\/title>\n<meta name=\"robots\" content=\"index, follow, max-snippet:-1, max-image-preview:large, max-video-preview:-1\" \/>\n<link rel=\"canonical\" href=\"https:\/\/khbr.at\/karriere\/anfahrtsplan\/\" \/>\n<meta property=\"og:locale\" content=\"de_DE\" \/>\n<meta property=\"og:type\" content=\"article\" \/>\n<meta property=\"og:title\" content=\"Anfahrtsplan - Krankenhaus Braunau\" \/>\n<meta property=\"og:description\" content=\"ANFAHRTSPLAN Parkhaus Braunau GmbHRingstra\u00dfe 605280 Braunau am Inn\u00a0 Parktarife: je angefangene halbe Stunde \u20ac 0,70 (von 6-18 Uhr)Reduzierter Tarif je angefangene halbe Stunde \u20ac 0,30 (von 18 \u2013 22 Uhr)Nachtpauschale \u20ac 1,00 (von 22 \u2013 6 Uhr)Parkscheinverlust \u20ac 30,00 (inklusive Bearbeitungsgeb\u00fchr) \u00d6ffnungszeiten: 0 \u2013 24 Uhr ge\u00f6ffnet \u00dcberblick: 217 Stellpl\u00e4tze und 8 E-Ladestationen auf Ebene[...]\" \/>\n<meta property=\"og:url\" content=\"https:\/\/khbr.at\/karriere\/anfahrtsplan\/\" \/>\n<meta property=\"og:site_name\" content=\"Krankenhaus Braunau\" \/>\n<meta property=\"article:modified_time\" content=\"2023-02-21T15:04:43+00:00\" \/>\n<meta name=\"twitter:card\" content=\"summary_large_image\" \/>\n<meta name=\"twitter:label1\" content=\"Gesch\u00e4tzte Lesezeit\" \/>\n\t<meta name=\"twitter:data1\" content=\"1\u00a0Minute\" \/>\n<script type=\"application\/ld+json\" class=\"yoast-schema-graph\">{\"@context\":\"https:\/\/schema.org\",\"@graph\":[{\"@type\":\"WebPage\",\"@id\":\"https:\/\/khbr.at\/karriere\/anfahrtsplan\/\",\"url\":\"https:\/\/khbr.at\/karriere\/anfahrtsplan\/\",\"name\":\"Anfahrtsplan - Krankenhaus Braunau\",\"isPartOf\":{\"@id\":\"https:\/\/khbr.at\/karriere\/#website\"},\"datePublished\":\"2021-06-21T11:28:15+00:00\",\"dateModified\":\"2023-02-21T15:04:43+00:00\",\"breadcrumb\":{\"@id\":\"https:\/\/khbr.at\/karriere\/anfahrtsplan\/#breadcrumb\"},\"inLanguage\":\"de\",\"potentialAction\":[{\"@type\":\"ReadAction\",\"target\":[\"https:\/\/khbr.at\/karriere\/anfahrtsplan\/\"]}]},{\"@type\":\"BreadcrumbList\",\"@id\":\"https:\/\/khbr.at\/karriere\/anfahrtsplan\/#breadcrumb\",\"itemListElement\":[{\"@type\":\"ListItem\",\"position\":1,\"name\":\"Startseite\",\"item\":\"https:\/\/khbr.at\/karriere\/\"},{\"@type\":\"ListItem\",\"position\":2,\"name\":\"Anfahrtsplan\"}]},{\"@type\":\"WebSite\",\"@id\":\"https:\/\/khbr.at\/karriere\/#website\",\"url\":\"https:\/\/khbr.at\/karriere\/\",\"name\":\"Krankenhaus Braunau\",\"description\":\"\",\"publisher\":{\"@id\":\"https:\/\/khbr.at\/karriere\/#organization\"},\"potentialAction\":[{\"@type\":\"SearchAction\",\"target\":{\"@type\":\"EntryPoint\",\"urlTemplate\":\"https:\/\/khbr.at\/karriere\/?s={search_term_string}\"},\"query-input\":{\"@type\":\"PropertyValueSpecification\",\"valueRequired\":true,\"valueName\":\"search_term_string\"}}],\"inLanguage\":\"de\"},{\"@type\":\"Organization\",\"@id\":\"https:\/\/khbr.at\/karriere\/#organization\",\"name\":\"Krankenhaus Braunau\",\"url\":\"https:\/\/khbr.at\/karriere\/\",\"logo\":{\"@type\":\"ImageObject\",\"inLanguage\":\"de\",\"@id\":\"https:\/\/khbr.at\/karriere\/#\/schema\/logo\/image\/\",\"url\":\"https:\/\/khbr.at\/karriere\/wp-content\/uploads\/2021\/03\/Unbenannt-1.jpg\",\"contentUrl\":\"https:\/\/khbr.at\/karriere\/wp-content\/uploads\/2021\/03\/Unbenannt-1.jpg\",\"width\":600,\"height\":418,\"caption\":\"Krankenhaus Braunau\"},\"image\":{\"@id\":\"https:\/\/khbr.at\/karriere\/#\/schema\/logo\/image\/\"}}]}<\/script>\n<!-- \/ Yoast SEO plugin. -->","yoast_head_json":{"title":"Anfahrtsplan - Krankenhaus Braunau","robots":{"index":"index","follow":"follow","max-snippet":"max-snippet:-1","max-image-preview":"max-image-preview:large","max-video-preview":"max-video-preview:-1"},"canonical":"https:\/\/khbr.at\/karriere\/anfahrtsplan\/","og_locale":"de_DE","og_type":"article","og_title":"Anfahrtsplan - Krankenhaus Braunau","og_description":"ANFAHRTSPLAN Parkhaus Braunau GmbHRingstra\u00dfe 605280 Braunau am Inn\u00a0 Parktarife: je angefangene halbe Stunde \u20ac 0,70 (von 6-18 Uhr)Reduzierter Tarif je angefangene halbe Stunde \u20ac 0,30 (von 18 \u2013 22 Uhr)Nachtpauschale \u20ac 1,00 (von 22 \u2013 6 Uhr)Parkscheinverlust \u20ac 30,00 (inklusive Bearbeitungsgeb\u00fchr) \u00d6ffnungszeiten: 0 \u2013 24 Uhr ge\u00f6ffnet \u00dcberblick: 217 Stellpl\u00e4tze und 8 E-Ladestationen auf Ebene[...]","og_url":"https:\/\/khbr.at\/karriere\/anfahrtsplan\/","og_site_name":"Krankenhaus Braunau","article_modified_time":"2023-02-21T15:04:43+00:00","twitter_card":"summary_large_image","twitter_misc":{"Gesch\u00e4tzte Lesezeit":"1\u00a0Minute"},"schema":{"@context":"https:\/\/schema.org","@graph":[{"@type":"WebPage","@id":"https:\/\/khbr.at\/karriere\/anfahrtsplan\/","url":"https:\/\/khbr.at\/karriere\/anfahrtsplan\/","name":"Anfahrtsplan - Krankenhaus Braunau","isPartOf":{"@id":"https:\/\/khbr.at\/karriere\/#website"},"datePublished":"2021-06-21T11:28:15+00:00","dateModified":"2023-02-21T15:04:43+00:00","breadcrumb":{"@id":"https:\/\/khbr.at\/karriere\/anfahrtsplan\/#breadcrumb"},"inLanguage":"de","potentialAction":[{"@type":"ReadAction","target":["https:\/\/khbr.at\/karriere\/anfahrtsplan\/"]}]},{"@type":"BreadcrumbList","@id":"https:\/\/khbr.at\/karriere\/anfahrtsplan\/#breadcrumb","itemListElement":[{"@type":"ListItem","position":1,"name":"Startseite","item":"https:\/\/khbr.at\/karriere\/"},{"@type":"ListItem","position":2,"name":"Anfahrtsplan"}]},{"@type":"WebSite","@id":"https:\/\/khbr.at\/karriere\/#website","url":"https:\/\/khbr.at\/karriere\/","name":"Krankenhaus Braunau","description":"","publisher":{"@id":"https:\/\/khbr.at\/karriere\/#organization"},"potentialAction":[{"@type":"SearchAction","target":{"@type":"EntryPoint","urlTemplate":"https:\/\/khbr.at\/karriere\/?s={search_term_string}"},"query-input":{"@type":"PropertyValueSpecification","valueRequired":true,"valueName":"search_term_string"}}],"inLanguage":"de"},{"@type":"Organization","@id":"https:\/\/khbr.at\/karriere\/#organization","name":"Krankenhaus Braunau","url":"https:\/\/khbr.at\/karriere\/","logo":{"@type":"ImageObject","inLanguage":"de","@id":"https:\/\/khbr.at\/karriere\/#\/schema\/logo\/image\/","url":"https:\/\/khbr.at\/karriere\/wp-content\/uploads\/2021\/03\/Unbenannt-1.jpg","contentUrl":"https:\/\/khbr.at\/karriere\/wp-content\/uploads\/2021\/03\/Unbenannt-1.jpg","width":600,"height":418,"caption":"Krankenhaus Braunau"},"image":{"@id":"https:\/\/khbr.at\/karriere\/#\/schema\/logo\/image\/"}}]}},"_links":{"self":[{"href":"https:\/\/khbr.at\/karriere\/wp-json\/wp\/v2\/pages\/477"}],"collection":[{"href":"https:\/\/khbr.at\/karriere\/wp-json\/wp\/v2\/pages"}],"about":[{"href":"https:\/\/khbr.at\/karriere\/wp-json\/wp\/v2\/types\/page"}],"author":[{"embeddable":true,"href":"https:\/\/khbr.at\/karriere\/wp-json\/wp\/v2\/users\/1"}],"replies":[{"embeddable":true,"href":"https:\/\/khbr.at\/karriere\/wp-json\/wp\/v2\/comments?post=477"}],"version-history":[{"count":19,"href":"https:\/\/khbr.at\/karriere\/wp-json\/wp\/v2\/pages\/477\/revisions"}],"predecessor-version":[{"id":5062,"href":"https:\/\/khbr.at\/karriere\/wp-json\/wp\/v2\/pages\/477\/revisions\/5062"}],"wp:attachment":[{"href":"https:\/\/khbr.at\/karriere\/wp-json\/wp\/v2\/media?parent=477"}],"curies":[{"name":"wp","href":"https:\/\/api.w.org\/{rel}","templated":true}]}}