{"id":5192,"date":"2022-05-13T10:12:30","date_gmt":"2022-05-13T08:12:30","guid":{"rendered":"https:\/\/khbr.at\/karriere\/?page_id=5192"},"modified":"2023-09-18T09:46:35","modified_gmt":"2023-09-18T07:46:35","slug":"das-krankenhaus-als-arbeitgeber","status":"publish","type":"page","link":"https:\/\/khbr.at\/karriere\/das-krankenhaus-als-arbeitgeber\/","title":{"rendered":"Das Krankenhaus als Arbeitgeber"},"content":{"rendered":"\t\t<div data-elementor-type=\"wp-page\" data-elementor-id=\"5192\" class=\"elementor elementor-5192\" data-elementor-post-type=\"page\">\n\t\t\t\t\t\t<section class=\"elementor-section elementor-top-section elementor-element elementor-element-82c8de0 elementor-section-full_width elementor-section-height-default elementor-section-height-default\" data-id=\"82c8de0\" data-element_type=\"section\">\n\t\t\t\t\t\t<div class=\"elementor-container elementor-column-gap-no\">\n\t\t\t\t\t<div class=\"elementor-column elementor-col-100 elementor-top-column elementor-element elementor-element-f53690d\" data-id=\"f53690d\" data-element_type=\"column\">\n\t\t\t<div class=\"elementor-widget-wrap elementor-element-populated\">\n\t\t\t\t\t\t<div class=\"elementor-element elementor-element-155fcc5 elementor--v-position-bottom elementor--h-position-center elementor-arrows-position-inside elementor-widget elementor-widget-slides\" data-id=\"155fcc5\" data-element_type=\"widget\" data-settings=\"{&quot;navigation&quot;:&quot;arrows&quot;,&quot;autoplay&quot;:&quot;yes&quot;,&quot;pause_on_hover&quot;:&quot;yes&quot;,&quot;pause_on_interaction&quot;:&quot;yes&quot;,&quot;autoplay_speed&quot;:5000,&quot;infinite&quot;:&quot;yes&quot;,&quot;transition&quot;:&quot;slide&quot;,&quot;transition_speed&quot;:500}\" data-widget_type=\"slides.default\">\n\t\t\t\t<div class=\"elementor-widget-container\">\n\t\t\t\t\t<div class=\"elementor-swiper\">\n\t\t\t<div class=\"elementor-slides-wrapper elementor-main-swiper swiper\" dir=\"ltr\" data-animation=\"zoomIn\">\n\t\t\t\t<div class=\"swiper-wrapper elementor-slides\">\n\t\t\t\t\t\t\t\t\t\t<div class=\"elementor-repeater-item-e741147 swiper-slide\"><div class=\"swiper-slide-bg elementor-ken-burns elementor-ken-burns--in\" role=\"img\"><\/div><div class=\"swiper-slide-inner\" ><div class=\"swiper-slide-contents\"><\/div><\/div><\/div><div class=\"elementor-repeater-item-926b016 swiper-slide\"><div class=\"swiper-slide-bg elementor-ken-burns elementor-ken-burns--in\" role=\"img\"><\/div><div class=\"swiper-slide-inner\" ><div class=\"swiper-slide-contents\"><\/div><\/div><\/div>\t\t\t\t<\/div>\n\t\t\t\t\t\t\t\t\t\t\t\t\t\t\t\t\t\t\t\t<div class=\"elementor-swiper-button elementor-swiper-button-prev\" role=\"button\" tabindex=\"0\">\n\t\t\t\t\t\t\t<i aria-hidden=\"true\" class=\"eicon-chevron-left\"><\/i>\t\t\t\t\t\t\t<span class=\"elementor-screen-only\">Vorheriger Slide<\/span>\n\t\t\t\t\t\t<\/div>\n\t\t\t\t\t\t<div class=\"elementor-swiper-button elementor-swiper-button-next\" role=\"button\" tabindex=\"0\">\n\t\t\t\t\t\t\t<i aria-hidden=\"true\" class=\"eicon-chevron-right\"><\/i>\t\t\t\t\t\t\t<span class=\"elementor-screen-only\">N\u00e4chster Slide<\/span>\n\t\t\t\t\t\t<\/div>\n\t\t\t\t\t\t\t\t\t\t\t\t<\/div>\n\t\t<\/div>\n\t\t\t\t<\/div>\n\t\t\t\t<\/div>\n\t\t\t\t\t<\/div>\n\t\t<\/div>\n\t\t\t\t\t<\/div>\n\t\t<\/section>\n\t\t\t\t<section class=\"elementor-section elementor-top-section elementor-element elementor-element-c55af86 elementor-section-boxed elementor-section-height-default elementor-section-height-default\" data-id=\"c55af86\" data-element_type=\"section\" data-settings=\"{&quot;animation&quot;:&quot;none&quot;}\">\n\t\t\t\t\t\t<div class=\"elementor-container elementor-column-gap-default\">\n\t\t\t\t\t<div class=\"elementor-column elementor-col-100 elementor-top-column elementor-element elementor-element-4f72db3\" data-id=\"4f72db3\" data-element_type=\"column\">\n\t\t\t<div class=\"elementor-widget-wrap elementor-element-populated\">\n\t\t\t\t\t\t<div class=\"elementor-element elementor-element-b674fc7 elementor-widget elementor-widget-heading\" data-id=\"b674fc7\" data-element_type=\"widget\" data-widget_type=\"heading.default\">\n\t\t\t\t<div class=\"elementor-widget-container\">\n\t\t\t<h1 class=\"elementor-heading-title elementor-size-default\">DAS KRANKENHAUS ALS ARBEITGEBER<\/h1>\t\t<\/div>\n\t\t\t\t<\/div>\n\t\t\t\t<div class=\"elementor-element elementor-element-f598dca elementor-widget elementor-widget-breadcrumbs\" data-id=\"f598dca\" data-element_type=\"widget\" data-widget_type=\"breadcrumbs.default\">\n\t\t\t\t<div class=\"elementor-widget-container\">\n\t\t\t<p id=\"breadcrumbs\"><span><span><a href=\"https:\/\/khbr.at\/karriere\/\">Startseite<\/a><\/span><\/span><\/p>\t\t<\/div>\n\t\t\t\t<\/div>\n\t\t\t\t\t<\/div>\n\t\t<\/div>\n\t\t\t\t\t<\/div>\n\t\t<\/section>\n\t\t\t\t<section class=\"elementor-section elementor-top-section elementor-element elementor-element-a2f1651 elementor-section-boxed elementor-section-height-default elementor-section-height-default\" data-id=\"a2f1651\" data-element_type=\"section\">\n\t\t\t\t\t\t<div class=\"elementor-container elementor-column-gap-default\">\n\t\t\t\t\t<div class=\"elementor-column elementor-col-100 elementor-top-column elementor-element elementor-element-38edaef\" data-id=\"38edaef\" data-element_type=\"column\">\n\t\t\t<div class=\"elementor-widget-wrap elementor-element-populated\">\n\t\t\t\t\t\t<div class=\"elementor-element elementor-element-e40575d elementor-invisible elementor-widget elementor-widget-text-editor\" data-id=\"e40575d\" data-element_type=\"widget\" data-settings=\"{&quot;_animation&quot;:&quot;fadeIn&quot;}\" data-widget_type=\"text-editor.default\">\n\t\t\t\t<div class=\"elementor-widget-container\">\n\t\t\t\t\t\t\t<p class=\"MsoNormal\" style=\"margin-bottom: .0001pt;\"><span style=\"font-family: 'Arial',sans-serif;\">Das Krankenhaus St. Josef Braunau liegt zentral im Dreieck Linz \u2013 Salzburg \u2013 M\u00fcnchen und ist mit rund 1.500 Mitarbeiterinnen und Mitarbeitern sowie 380 Betten einer der gr\u00f6\u00dften Arbeitgeber im Bezirk. Die St\u00e4dte Linz, Salzburg und M\u00fcnchen sind innerhalb einer Stunde mit dem Auto erreichbar. Im Bezirk Braunau leben rund 105.000 Menschen. Wir sind ein Ordenskrankenhaus der Franziskanerinnen von V\u00f6cklabruck und legen gro\u00dfen Wert auf die Symbiose von medizinischer Professionalit\u00e4t und menschlicher Betreuung. Das Krankenhaus Braunau bietet spannende T\u00e4tigkeiten zum Beispiel in den Bereichen Medizin, Pflege, Therapie, K\u00fcche, Logistik, Reinigung oder Verwaltung. Ein angenehmes Betriebsklima hat bei uns h\u00f6chsten Stellenwert. Dar\u00fcber hinaus gibt es im Krankenhaus Braunau viele M\u00f6glichkeiten zur Weiterentwicklung und zur Weiterbildung sowie hervorragende Aufstiegschancen. Als attraktiver Arbeitgeber erm\u00f6glichen wir flexible Arbeitszeitmodelle, selbstverantwortliches Arbeiten und umfangreiche Sozialleistungen. Wir sind stolz darauf, Mitarbeiterinnen und Mitarbeiter am Krankenhaus St. Josef in Braunau zu sein.<\/span><\/p>\t\t\t\t\t\t<\/div>\n\t\t\t\t<\/div>\n\t\t\t\t\t<\/div>\n\t\t<\/div>\n\t\t\t\t\t<\/div>\n\t\t<\/section>\n\t\t\t\t<section class=\"elementor-section elementor-top-section elementor-element elementor-element-23edf02 elementor-section-boxed elementor-section-height-default elementor-section-height-default\" data-id=\"23edf02\" data-element_type=\"section\" data-settings=\"{&quot;background_background&quot;:&quot;classic&quot;}\">\n\t\t\t\t\t\t<div class=\"elementor-container elementor-column-gap-default\">\n\t\t\t\t\t<div class=\"elementor-column elementor-col-100 elementor-top-column elementor-element elementor-element-6f58318\" data-id=\"6f58318\" data-element_type=\"column\">\n\t\t\t<div class=\"elementor-widget-wrap elementor-element-populated\">\n\t\t\t\t\t\t<div class=\"elementor-element elementor-element-355d6c4 elementor-widget elementor-widget-heading\" data-id=\"355d6c4\" data-element_type=\"widget\" data-widget_type=\"heading.default\">\n\t\t\t\t<div class=\"elementor-widget-container\">\n\t\t\t<h2 class=\"elementor-heading-title elementor-size-default\">\"Sorglos in den Arbeitstag\"<\/h2>\t\t<\/div>\n\t\t\t\t<\/div>\n\t\t\t\t<div class=\"elementor-element elementor-element-34d6c2f elementor-widget elementor-widget-text-editor\" data-id=\"34d6c2f\" data-element_type=\"widget\" data-widget_type=\"text-editor.default\">\n\t\t\t\t<div class=\"elementor-widget-container\">\n\t\t\t\t\t\t\t<p>Mit dem Projekt \u201eAll-inclusive package for kids \u2013 Sorglospaket f\u00fcr Eltern\u201c belegten wir den 2. Platz beim Landesfamilienpreis Felix Familia. Unter dem Motto \u201eSorglos in den Arbeitstag\u201c werden die Kinder unserer Mitarbeiterinnen und Mitarbeiter rundum gut betreut und umsorgt. Die Betreuung im \u201eKinderland St. Josef\u201c sowie die \u201eFerien im Krankenhaus\u201c wurden auch w\u00e4hrend der Corona-Pandemie durchg\u00e4ngig sichergestellt, auch das \u201eSchultaxi\u201c war wie gewohnt im Einsatz.<\/p>\t\t\t\t\t\t<\/div>\n\t\t\t\t<\/div>\n\t\t\t\t\t<\/div>\n\t\t<\/div>\n\t\t\t\t\t<\/div>\n\t\t<\/section>\n\t\t\t\t<section class=\"elementor-section elementor-top-section elementor-element elementor-element-23bb239 elementor-section-boxed elementor-section-height-default elementor-section-height-default\" data-id=\"23bb239\" data-element_type=\"section\">\n\t\t\t\t\t\t<div class=\"elementor-container elementor-column-gap-default\">\n\t\t\t\t\t<div class=\"elementor-column elementor-col-100 elementor-top-column elementor-element elementor-element-aa9d8c7\" data-id=\"aa9d8c7\" data-element_type=\"column\">\n\t\t\t<div class=\"elementor-widget-wrap elementor-element-populated\">\n\t\t\t\t\t\t<div class=\"elementor-element elementor-element-a5dec25 elementor-widget elementor-widget-text-editor\" data-id=\"a5dec25\" data-element_type=\"widget\" data-widget_type=\"text-editor.default\">\n\t\t\t\t<div class=\"elementor-widget-container\">\n\t\t\t\t\t\t\t<p>N\u00e4here Informationen und Einblicke zu einigen unserer T\u00e4tigkeitsbereiche finden Sie hier!<\/p>\t\t\t\t\t\t<\/div>\n\t\t\t\t<\/div>\n\t\t\t\t\t<\/div>\n\t\t<\/div>\n\t\t\t\t\t<\/div>\n\t\t<\/section>\n\t\t\t\t<section class=\"elementor-section elementor-top-section elementor-element elementor-element-e6f3fb3 elementor-section-boxed elementor-section-height-default elementor-section-height-default\" data-id=\"e6f3fb3\" data-element_type=\"section\">\n\t\t\t\t\t\t<div class=\"elementor-container elementor-column-gap-default\">\n\t\t\t\t\t<div class=\"elementor-column elementor-col-33 elementor-top-column elementor-element elementor-element-d03119c\" data-id=\"d03119c\" data-element_type=\"column\">\n\t\t\t<div class=\"elementor-widget-wrap elementor-element-populated\">\n\t\t\t\t\t\t<div class=\"elementor-element elementor-element-0716ece elementor-widget elementor-widget-text-editor\" data-id=\"0716ece\" data-element_type=\"widget\" data-widget_type=\"text-editor.default\">\n\t\t\t\t<div class=\"elementor-widget-container\">\n\t\t\t\t\t\t\t<p><strong>Logistik<\/strong><\/p>\t\t\t\t\t\t<\/div>\n\t\t\t\t<\/div>\n\t\t\t\t<div class=\"elementor-element elementor-element-2f024d3 elementor-widget elementor-widget-image\" data-id=\"2f024d3\" data-element_type=\"widget\" data-widget_type=\"image.default\">\n\t\t\t\t<div class=\"elementor-widget-container\">\n\t\t\t\t\t\t\t\t\t\t\t\t\t\t<a href=\"https:\/\/www.youtube.com\/watch?v=Gabbgv5ujSE\" target=\"_blank\">\n\t\t\t\t\t\t\t<img fetchpriority=\"high\" decoding=\"async\" width=\"1024\" height=\"576\" src=\"https:\/\/khbr.at\/karriere\/wp-content\/uploads\/2022\/11\/Logistik-1-1024x576.png\" class=\"attachment-large size-large wp-image-8187\" alt=\"\" srcset=\"https:\/\/khbr.at\/karriere\/wp-content\/uploads\/2022\/11\/Logistik-1-1024x576.png 1024w, https:\/\/khbr.at\/karriere\/wp-content\/uploads\/2022\/11\/Logistik-1-300x169.png 300w, https:\/\/khbr.at\/karriere\/wp-content\/uploads\/2022\/11\/Logistik-1-150x84.png 150w, https:\/\/khbr.at\/karriere\/wp-content\/uploads\/2022\/11\/Logistik-1-768x432.png 768w, https:\/\/khbr.at\/karriere\/wp-content\/uploads\/2022\/11\/Logistik-1-800x450.png 800w, https:\/\/khbr.at\/karriere\/wp-content\/uploads\/2022\/11\/Logistik-1.png 1280w\" sizes=\"(max-width: 1024px) 100vw, 1024px\" \/>\t\t\t\t\t\t\t\t<\/a>\n\t\t\t\t\t\t\t\t\t\t\t\t\t<\/div>\n\t\t\t\t<\/div>\n\t\t\t\t\t<\/div>\n\t\t<\/div>\n\t\t\t\t<div class=\"elementor-column elementor-col-33 elementor-top-column elementor-element elementor-element-e7d8ed3\" data-id=\"e7d8ed3\" data-element_type=\"column\">\n\t\t\t<div class=\"elementor-widget-wrap elementor-element-populated\">\n\t\t\t\t\t\t<div class=\"elementor-element elementor-element-16867e3 elementor-widget elementor-widget-text-editor\" data-id=\"16867e3\" data-element_type=\"widget\" data-widget_type=\"text-editor.default\">\n\t\t\t\t<div class=\"elementor-widget-container\">\n\t\t\t\t\t\t\t<p><strong>Reinigung<\/strong><\/p>\t\t\t\t\t\t<\/div>\n\t\t\t\t<\/div>\n\t\t\t\t<div class=\"elementor-element elementor-element-62dc3e9 elementor-widget elementor-widget-image\" data-id=\"62dc3e9\" data-element_type=\"widget\" data-widget_type=\"image.default\">\n\t\t\t\t<div class=\"elementor-widget-container\">\n\t\t\t\t\t\t\t\t\t\t\t\t\t\t<a href=\"https:\/\/www.youtube.com\/watch?v=Y9zY7Qw1mek\" target=\"_blank\">\n\t\t\t\t\t\t\t<img decoding=\"async\" width=\"1024\" height=\"576\" src=\"https:\/\/khbr.at\/karriere\/wp-content\/uploads\/2022\/11\/Reinigung-1024x576.png\" class=\"attachment-large size-large wp-image-8186\" alt=\"\" srcset=\"https:\/\/khbr.at\/karriere\/wp-content\/uploads\/2022\/11\/Reinigung-1024x576.png 1024w, https:\/\/khbr.at\/karriere\/wp-content\/uploads\/2022\/11\/Reinigung-300x169.png 300w, https:\/\/khbr.at\/karriere\/wp-content\/uploads\/2022\/11\/Reinigung-150x84.png 150w, https:\/\/khbr.at\/karriere\/wp-content\/uploads\/2022\/11\/Reinigung-768x432.png 768w, https:\/\/khbr.at\/karriere\/wp-content\/uploads\/2022\/11\/Reinigung-800x450.png 800w, https:\/\/khbr.at\/karriere\/wp-content\/uploads\/2022\/11\/Reinigung.png 1280w\" sizes=\"(max-width: 1024px) 100vw, 1024px\" \/>\t\t\t\t\t\t\t\t<\/a>\n\t\t\t\t\t\t\t\t\t\t\t\t\t<\/div>\n\t\t\t\t<\/div>\n\t\t\t\t\t<\/div>\n\t\t<\/div>\n\t\t\t\t<div class=\"elementor-column elementor-col-33 elementor-top-column elementor-element elementor-element-74d7d0d\" data-id=\"74d7d0d\" data-element_type=\"column\">\n\t\t\t<div class=\"elementor-widget-wrap elementor-element-populated\">\n\t\t\t\t\t\t<div class=\"elementor-element elementor-element-2c313f5 elementor-widget elementor-widget-text-editor\" data-id=\"2c313f5\" data-element_type=\"widget\" data-widget_type=\"text-editor.default\">\n\t\t\t\t<div class=\"elementor-widget-container\">\n\t\t\t\t\t\t\t<p><strong>OTA Ausbildung<\/strong><\/p>\t\t\t\t\t\t<\/div>\n\t\t\t\t<\/div>\n\t\t\t\t<div class=\"elementor-element elementor-element-53943dd elementor-widget elementor-widget-image\" data-id=\"53943dd\" data-element_type=\"widget\" data-widget_type=\"image.default\">\n\t\t\t\t<div class=\"elementor-widget-container\">\n\t\t\t\t\t\t\t\t\t\t\t\t\t\t<a href=\"https:\/\/www.youtube.com\/watch?v=4InGVAV-Lkk\" target=\"_blank\">\n\t\t\t\t\t\t\t<img decoding=\"async\" width=\"1024\" height=\"576\" src=\"https:\/\/khbr.at\/karriere\/wp-content\/uploads\/2022\/11\/OTA-1024x576.png\" class=\"attachment-large size-large wp-image-8188\" alt=\"\" srcset=\"https:\/\/khbr.at\/karriere\/wp-content\/uploads\/2022\/11\/OTA-1024x576.png 1024w, https:\/\/khbr.at\/karriere\/wp-content\/uploads\/2022\/11\/OTA-300x169.png 300w, https:\/\/khbr.at\/karriere\/wp-content\/uploads\/2022\/11\/OTA-150x84.png 150w, https:\/\/khbr.at\/karriere\/wp-content\/uploads\/2022\/11\/OTA-768x432.png 768w, https:\/\/khbr.at\/karriere\/wp-content\/uploads\/2022\/11\/OTA-800x450.png 800w, https:\/\/khbr.at\/karriere\/wp-content\/uploads\/2022\/11\/OTA.png 1280w\" sizes=\"(max-width: 1024px) 100vw, 1024px\" \/>\t\t\t\t\t\t\t\t<\/a>\n\t\t\t\t\t\t\t\t\t\t\t\t\t<\/div>\n\t\t\t\t<\/div>\n\t\t\t\t\t<\/div>\n\t\t<\/div>\n\t\t\t\t\t<\/div>\n\t\t<\/section>\n\t\t\t\t<\/div>\n\t\t","protected":false},"excerpt":{"rendered":"<p>Previous slide Next slide DAS KRANKENHAUS ALS ARBEITGEBER Das Krankenhaus St. Josef Braunau liegt zentral im Dreieck Linz \u2013 Salzburg \u2013 M\u00fcnchen und ist mit rund 1.500 Mitarbeiterinnen und Mitarbeitern sowie 380 Betten einer der gr\u00f6\u00dften Arbeitgeber im Bezirk. Die St\u00e4dte Linz, Salzburg und M\u00fcnchen sind innerhalb einer Stunde mit dem Auto erreichbar. Im Bezirk[&#8230;]<\/p>\n","protected":false},"author":1,"featured_media":0,"parent":0,"menu_order":0,"comment_status":"closed","ping_status":"closed","template":"","meta":{"_acf_changed":false,"footnotes":""},"class_list":["post-5192","page","type-page","status-publish","hentry"],"acf":[],"yoast_head":"<!-- This site is optimized with the Yoast SEO plugin v23.8 - https:\/\/yoast.com\/wordpress\/plugins\/seo\/ -->\n<title>Das Krankenhaus als Arbeitgeber - Krankenhaus Braunau<\/title>\n<meta name=\"robots\" content=\"index, follow, max-snippet:-1, max-image-preview:large, max-video-preview:-1\" \/>\n<link rel=\"canonical\" href=\"https:\/\/khbr.at\/karriere\/das-krankenhaus-als-arbeitgeber\/\" \/>\n<meta property=\"og:locale\" content=\"de_DE\" \/>\n<meta property=\"og:type\" content=\"article\" \/>\n<meta property=\"og:title\" content=\"Das Krankenhaus als Arbeitgeber - Krankenhaus Braunau\" \/>\n<meta property=\"og:description\" content=\"Previous slide Next slide DAS KRANKENHAUS ALS ARBEITGEBER Das Krankenhaus St. Josef Braunau liegt zentral im Dreieck Linz \u2013 Salzburg \u2013 M\u00fcnchen und ist mit rund 1.500 Mitarbeiterinnen und Mitarbeitern sowie 380 Betten einer der gr\u00f6\u00dften Arbeitgeber im Bezirk. Die St\u00e4dte Linz, Salzburg und M\u00fcnchen sind innerhalb einer Stunde mit dem Auto erreichbar. Im Bezirk[...]\" \/>\n<meta property=\"og:url\" content=\"https:\/\/khbr.at\/karriere\/das-krankenhaus-als-arbeitgeber\/\" \/>\n<meta property=\"og:site_name\" content=\"Krankenhaus Braunau\" \/>\n<meta property=\"article:modified_time\" content=\"2023-09-18T07:46:35+00:00\" \/>\n<meta property=\"og:image\" content=\"https:\/\/khbr.at\/karriere\/wp-content\/uploads\/2022\/11\/Logistik-1-1024x576.png\" \/>\n<meta name=\"twitter:card\" content=\"summary_large_image\" \/>\n<meta name=\"twitter:label1\" content=\"Gesch\u00e4tzte Lesezeit\" \/>\n\t<meta name=\"twitter:data1\" content=\"2\u00a0Minuten\" \/>\n<script type=\"application\/ld+json\" class=\"yoast-schema-graph\">{\"@context\":\"https:\/\/schema.org\",\"@graph\":[{\"@type\":\"WebPage\",\"@id\":\"https:\/\/khbr.at\/karriere\/das-krankenhaus-als-arbeitgeber\/\",\"url\":\"https:\/\/khbr.at\/karriere\/das-krankenhaus-als-arbeitgeber\/\",\"name\":\"Das Krankenhaus als Arbeitgeber - Krankenhaus Braunau\",\"isPartOf\":{\"@id\":\"https:\/\/khbr.at\/karriere\/#website\"},\"primaryImageOfPage\":{\"@id\":\"https:\/\/khbr.at\/karriere\/das-krankenhaus-als-arbeitgeber\/#primaryimage\"},\"image\":{\"@id\":\"https:\/\/khbr.at\/karriere\/das-krankenhaus-als-arbeitgeber\/#primaryimage\"},\"thumbnailUrl\":\"https:\/\/khbr.at\/karriere\/wp-content\/uploads\/2022\/11\/Logistik-1-1024x576.png\",\"datePublished\":\"2022-05-13T08:12:30+00:00\",\"dateModified\":\"2023-09-18T07:46:35+00:00\",\"breadcrumb\":{\"@id\":\"https:\/\/khbr.at\/karriere\/das-krankenhaus-als-arbeitgeber\/#breadcrumb\"},\"inLanguage\":\"de\",\"potentialAction\":[{\"@type\":\"ReadAction\",\"target\":[\"https:\/\/khbr.at\/karriere\/das-krankenhaus-als-arbeitgeber\/\"]}]},{\"@type\":\"ImageObject\",\"inLanguage\":\"de\",\"@id\":\"https:\/\/khbr.at\/karriere\/das-krankenhaus-als-arbeitgeber\/#primaryimage\",\"url\":\"https:\/\/khbr.at\/karriere\/wp-content\/uploads\/2022\/11\/Logistik-1.png\",\"contentUrl\":\"https:\/\/khbr.at\/karriere\/wp-content\/uploads\/2022\/11\/Logistik-1.png\",\"width\":1280,\"height\":720},{\"@type\":\"BreadcrumbList\",\"@id\":\"https:\/\/khbr.at\/karriere\/das-krankenhaus-als-arbeitgeber\/#breadcrumb\",\"itemListElement\":[{\"@type\":\"ListItem\",\"position\":1,\"name\":\"Startseite\",\"item\":\"https:\/\/khbr.at\/karriere\/\"},{\"@type\":\"ListItem\",\"position\":2,\"name\":\"Das Krankenhaus als Arbeitgeber\"}]},{\"@type\":\"WebSite\",\"@id\":\"https:\/\/khbr.at\/karriere\/#website\",\"url\":\"https:\/\/khbr.at\/karriere\/\",\"name\":\"Krankenhaus Braunau\",\"description\":\"\",\"publisher\":{\"@id\":\"https:\/\/khbr.at\/karriere\/#organization\"},\"potentialAction\":[{\"@type\":\"SearchAction\",\"target\":{\"@type\":\"EntryPoint\",\"urlTemplate\":\"https:\/\/khbr.at\/karriere\/?s={search_term_string}\"},\"query-input\":{\"@type\":\"PropertyValueSpecification\",\"valueRequired\":true,\"valueName\":\"search_term_string\"}}],\"inLanguage\":\"de\"},{\"@type\":\"Organization\",\"@id\":\"https:\/\/khbr.at\/karriere\/#organization\",\"name\":\"Krankenhaus Braunau\",\"url\":\"https:\/\/khbr.at\/karriere\/\",\"logo\":{\"@type\":\"ImageObject\",\"inLanguage\":\"de\",\"@id\":\"https:\/\/khbr.at\/karriere\/#\/schema\/logo\/image\/\",\"url\":\"https:\/\/khbr.at\/karriere\/wp-content\/uploads\/2021\/03\/Unbenannt-1.jpg\",\"contentUrl\":\"https:\/\/khbr.at\/karriere\/wp-content\/uploads\/2021\/03\/Unbenannt-1.jpg\",\"width\":600,\"height\":418,\"caption\":\"Krankenhaus Braunau\"},\"image\":{\"@id\":\"https:\/\/khbr.at\/karriere\/#\/schema\/logo\/image\/\"}}]}<\/script>\n<!-- \/ Yoast SEO plugin. -->","yoast_head_json":{"title":"Das Krankenhaus als Arbeitgeber - Krankenhaus Braunau","robots":{"index":"index","follow":"follow","max-snippet":"max-snippet:-1","max-image-preview":"max-image-preview:large","max-video-preview":"max-video-preview:-1"},"canonical":"https:\/\/khbr.at\/karriere\/das-krankenhaus-als-arbeitgeber\/","og_locale":"de_DE","og_type":"article","og_title":"Das Krankenhaus als Arbeitgeber - Krankenhaus Braunau","og_description":"Previous slide Next slide DAS KRANKENHAUS ALS ARBEITGEBER Das Krankenhaus St. Josef Braunau liegt zentral im Dreieck Linz \u2013 Salzburg \u2013 M\u00fcnchen und ist mit rund 1.500 Mitarbeiterinnen und Mitarbeitern sowie 380 Betten einer der gr\u00f6\u00dften Arbeitgeber im Bezirk. Die St\u00e4dte Linz, Salzburg und M\u00fcnchen sind innerhalb einer Stunde mit dem Auto erreichbar. Im Bezirk[...]","og_url":"https:\/\/khbr.at\/karriere\/das-krankenhaus-als-arbeitgeber\/","og_site_name":"Krankenhaus Braunau","article_modified_time":"2023-09-18T07:46:35+00:00","og_image":[{"url":"https:\/\/khbr.at\/karriere\/wp-content\/uploads\/2022\/11\/Logistik-1-1024x576.png"}],"twitter_card":"summary_large_image","twitter_misc":{"Gesch\u00e4tzte Lesezeit":"2\u00a0Minuten"},"schema":{"@context":"https:\/\/schema.org","@graph":[{"@type":"WebPage","@id":"https:\/\/khbr.at\/karriere\/das-krankenhaus-als-arbeitgeber\/","url":"https:\/\/khbr.at\/karriere\/das-krankenhaus-als-arbeitgeber\/","name":"Das Krankenhaus als Arbeitgeber - Krankenhaus Braunau","isPartOf":{"@id":"https:\/\/khbr.at\/karriere\/#website"},"primaryImageOfPage":{"@id":"https:\/\/khbr.at\/karriere\/das-krankenhaus-als-arbeitgeber\/#primaryimage"},"image":{"@id":"https:\/\/khbr.at\/karriere\/das-krankenhaus-als-arbeitgeber\/#primaryimage"},"thumbnailUrl":"https:\/\/khbr.at\/karriere\/wp-content\/uploads\/2022\/11\/Logistik-1-1024x576.png","datePublished":"2022-05-13T08:12:30+00:00","dateModified":"2023-09-18T07:46:35+00:00","breadcrumb":{"@id":"https:\/\/khbr.at\/karriere\/das-krankenhaus-als-arbeitgeber\/#breadcrumb"},"inLanguage":"de","potentialAction":[{"@type":"ReadAction","target":["https:\/\/khbr.at\/karriere\/das-krankenhaus-als-arbeitgeber\/"]}]},{"@type":"ImageObject","inLanguage":"de","@id":"https:\/\/khbr.at\/karriere\/das-krankenhaus-als-arbeitgeber\/#primaryimage","url":"https:\/\/khbr.at\/karriere\/wp-content\/uploads\/2022\/11\/Logistik-1.png","contentUrl":"https:\/\/khbr.at\/karriere\/wp-content\/uploads\/2022\/11\/Logistik-1.png","width":1280,"height":720},{"@type":"BreadcrumbList","@id":"https:\/\/khbr.at\/karriere\/das-krankenhaus-als-arbeitgeber\/#breadcrumb","itemListElement":[{"@type":"ListItem","position":1,"name":"Startseite","item":"https:\/\/khbr.at\/karriere\/"},{"@type":"ListItem","position":2,"name":"Das Krankenhaus als Arbeitgeber"}]},{"@type":"WebSite","@id":"https:\/\/khbr.at\/karriere\/#website","url":"https:\/\/khbr.at\/karriere\/","name":"Krankenhaus Braunau","description":"","publisher":{"@id":"https:\/\/khbr.at\/karriere\/#organization"},"potentialAction":[{"@type":"SearchAction","target":{"@type":"EntryPoint","urlTemplate":"https:\/\/khbr.at\/karriere\/?s={search_term_string}"},"query-input":{"@type":"PropertyValueSpecification","valueRequired":true,"valueName":"search_term_string"}}],"inLanguage":"de"},{"@type":"Organization","@id":"https:\/\/khbr.at\/karriere\/#organization","name":"Krankenhaus Braunau","url":"https:\/\/khbr.at\/karriere\/","logo":{"@type":"ImageObject","inLanguage":"de","@id":"https:\/\/khbr.at\/karriere\/#\/schema\/logo\/image\/","url":"https:\/\/khbr.at\/karriere\/wp-content\/uploads\/2021\/03\/Unbenannt-1.jpg","contentUrl":"https:\/\/khbr.at\/karriere\/wp-content\/uploads\/2021\/03\/Unbenannt-1.jpg","width":600,"height":418,"caption":"Krankenhaus Braunau"},"image":{"@id":"https:\/\/khbr.at\/karriere\/#\/schema\/logo\/image\/"}}]}},"_links":{"self":[{"href":"https:\/\/khbr.at\/karriere\/wp-json\/wp\/v2\/pages\/5192"}],"collection":[{"href":"https:\/\/khbr.at\/karriere\/wp-json\/wp\/v2\/pages"}],"about":[{"href":"https:\/\/khbr.at\/karriere\/wp-json\/wp\/v2\/types\/page"}],"author":[{"embeddable":true,"href":"https:\/\/khbr.at\/karriere\/wp-json\/wp\/v2\/users\/1"}],"replies":[{"embeddable":true,"href":"https:\/\/khbr.at\/karriere\/wp-json\/wp\/v2\/comments?post=5192"}],"version-history":[{"count":100,"href":"https:\/\/khbr.at\/karriere\/wp-json\/wp\/v2\/pages\/5192\/revisions"}],"predecessor-version":[{"id":8194,"href":"https:\/\/khbr.at\/karriere\/wp-json\/wp\/v2\/pages\/5192\/revisions\/8194"}],"wp:attachment":[{"href":"https:\/\/khbr.at\/karriere\/wp-json\/wp\/v2\/media?parent=5192"}],"curies":[{"name":"wp","href":"https:\/\/api.w.org\/{rel}","templated":true}]}}